the tens digit of 90*(5/(-2) - f)?
4
Suppose 24*s = -0*s + 4008. What is the hundreds digit of s?
1
Let h(z) = -z**2 + 4*z + 20. Let u be h(9). Let q = -9 - u. What is the units digit of q?
6
Let h = 754 - 450. Let u = -202 + h. What is the tens digit of u?
0
What is the hundreds digit of (-10)/6 + (-826)/(-6) + -6?
1
Let m be 1*85 - (-3 + 2). Let p(u) = -u**3 + 3*u - 2. Let j be p(-2). Suppose j*a = -a - 3*f + 54, -2*a = -5*f - m. What is the tens digit of a?
4
Suppose -2*j + 4*h = -5917 + 1397, j - 2244 = -2*h. What is the units digit of j?
2
Let k(w) = -w**3 - 29*w**2 - 65*w - 15. What is the units digit of k(-27)?
2
Let i(z) = 8*z**2 + 12*z + 35. What is the hundreds digit of i(-8)?
4
Let f = 2129 - 932. What is the thousands digit of f?
1
Suppose 5*l - 4915 = -5*a, 3*a = -0*a + l + 2941. What is the tens digit of a?
8
Let y = -2770 - -6543. What is the thousands digit of y?
3
Suppose -4*k + 2*k + 790 = 2*x, 3*x = -2*k + 1182. Let p be 24/108 - x/(-18). What is the units digit of 4/p - 75/(-11)?
7
Suppose 4*f + 31 = 3*y, -5*f = 5*y - f - 9. Suppose -5*s = -4*t - 0*t - 798, -y*t = 4*s - 622. What is the tens digit of s?
5
Suppose -q - 20 = -3*q. Let y(x) = 2*x - 13. Let l be y(q). Suppose -3*u + 0*c + 18 = 5*c, 5*c = -2*u + l. What is the units digit of u?
1
Let n(v) = -38*v**2 + v - 2. Let a be n(1). Let u = -24 - a. Suppose -10*y + u = -9*y. What is the tens digit of y?
1
Suppose 376 = 4*g + 6*j - 2*j, j = 5. Suppose 558 = -86*k + g*k. What is the units digit of k?
6
Suppose 8*t - 9176 = 10136. What is the units digit of t?
4
What is the hundreds digit of 1386/(-6 - -8) - 5?
6
Let z = 3070 - 24. What is the units digit of z?
6
Let f(v) be the first derivative of -v**4/4 + 7*v**3/3 - v**2 + 3*v + 7. What is the units digit of f(5)?
3
Suppose -2*z + 5 = -5. Suppose 4*t - 4*m - 160 = 0, 3*m + 248 - 42 = z*t. Suppose 0 = 5*q - 152 - t. What is the tens digit of q?
3
What is the hundreds digit of 26/(-4 + 74/18)?
2
Let x = -17 - -8. Let t(k) = k**2 + 9*k - 5. Let s be t(x). What is the tens digit of 11/s*(1 + -6)?
1
Let v = 5 + -3. Suppose 19 = 4*z + r, r - 9 = -2*z - 0*z. Suppose -3*c = -v*c - z. What is the units digit of c?
5
Let n(l) = 5*l - 1. Let p be n(1). Suppose -5*z + 16 + p = 0. What is the units digit of z?
4
Let l(b) be the second derivative of -b**3/6 + 9*b**2/2 - 5*b. What is the units digit of l(3)?
6
Let f = -52 + 64. Let u be ((-3)/(-2))/(2/12). What is the units digit of 795/f - u/(-12)?
7
Let a = -347 - -530. Suppose 0 = -r + a + 21. What is the units digit of r?
4
Suppose -3*a + 1612 + 815 = -p, 0 = 2*a - 4*p - 1608. What is the tens digit of a?
1
Let o(l) = 5*l + 13. Let p be o(19). Suppose -2*f - 2*f + p = 2*c, 0 = f - 5. What is the units digit of c?
4
Let k = 122 - 19. Suppose -24 = -4*v - 4*c, -43 = 4*v - 5*c - k. What is the units digit of v?
0
Let q(p) = -194*p**2 + 2*p. Let f be q(-1). Let l = -109 - f. Suppose -g + l = 2*g. What is the units digit of g?
9
Let a = -8 - -8. Suppose -2*f - 4*u = 20, f + 0*f + 4*u + 20 = a. Suppose f = 5*x + s - 97, -4*x - 3*s = -12 - 59. What is the units digit of x?
0
Suppose 0 = 2*u - 4*u + 4*z + 6, 0 = 4*u + 4*z. What is the units digit of (-2 - (-57)/3)/u?
7
Let h be -2*3/(-24) - 1115/(-4). Suppose 4*g - 3*i = g + h, g - 93 = 5*i. What is the units digit of g?
3
Let y(t) = -4*t - 28. Let v(m) = -m + 1. Let x(k) = 4*v(k) + y(k). What is the units digit of x(-13)?
0
Suppose -6*q = -15*q - 162. What is the hundreds digit of (16344/81 - -2) + (-4)/q?
2
Let p = -1065 - -663. Let x = p + 629. What is the units digit of x?
7
Let m(w) = w**3 - 6*w**2 - 5*w + 7. Suppose 3*h = -0*h - 30. Let t = h + 17. What is the tens digit of m(t)?
2
Suppose 0 = 4*w - 2*o - 3674, 2*w + 5*o - 2*o = 1833. What is the hundreds digit of w?
9
Suppose 3435 = q + 1565. What is the hundreds digit of q?
8
Let t = 11 + -7. Suppose 4*b + t*m = 8, 5*m = -b - 0*b + 2. Suppose 0 = -b*x + 5*x - 57. What is the units digit of x?
9
Let i(a) = 2*a + 28. Let j be i(-13). Suppose 4*p = -5*m + 246, -2*p - p + j*m + 196 = 0. What is the units digit of p?
4
Let t(n) = 86*n**2 + 9. What is the tens digit of t(-3)?
8
Suppose -6*x + 9*x - v - 662 = 0, x + 5*v = 226. What is the units digit of x?
1
Let g = -120 + 355. What is the units digit of g?
5
Let t be (-26)/65*(0 + -10). Suppose -2*c + t*x + 114 = 0, 4*x + 4 + 51 = c. What is the units digit of c?
9
Let g(w) = -20*w. Let a be g(-3). Let b = a - 12. What is the tens digit of b?
4
Suppose 3*w + 652 - 1896 = 5*j, 2*j + 1640 = 4*w. Let b = 208 - w. What is the tens digit of ((-1)/(-2))/((-5)/b)?
2
Let p = 4484 - 284. What is the units digit of p?
0
Suppose 20 = -3*r + 5. Let x(y) = -y**2 - 3*y + 7. Let k be x(r). What is the units digit of (-1)/k - (-62)/3?
1
What is the thousands digit of 50/((-60)/210 - (-158)/504)?
1
Let h(n) = -10*n**2 - n - 1. Let l be h(-1). Let s = -8 - l. Suppose -s*c - 5*y = c - 50, 2*c - 46 = 3*y. What is the units digit of c?
0
Let o(j) = -j**3 + 9*j - 23*j**2 + 37*j**2 - 15*j**2 - 9. What is the units digit of o(-6)?
7
Let s be -2 - (300/(-2) - 3). Let w = s - 22. What is the tens digit of w?
2
Suppose -3*p - 7 - 5 = 0. Let h(a) be the first derivative of -3*a**2 + 9*a + 23. What is the units digit of h(p)?
3
Suppose -4*n - 37 = -y, -2*y - 110 = -4*y - n. Suppose 5*f - 2*j + 346 = 0, -4*f - 235 - y = 4*j. What is the units digit of (8/5 - 2)*f?
8
Let g(c) = c**3 - 14*c**2 + c - 14. Let r be g(15). Suppose 262 + r = 8*p. What is the units digit of p?
1
Suppose 9*g - 300 - 105 = 0. Let z = g - -51. What is the units digit of z?
6
What is the tens digit of (-2329)/(-3) - 14/(-21)?
7
Suppose u + 28 = 4*o, -2*u - 5 + 26 = 3*o. Suppose -3*p + p = -p. Suppose -126 = -o*t - p*t. What is the units digit of t?
8
Suppose 0 = 5*d - 2*g - 19699, -3*d + 0*g = 3*g - 11811. What is the units digit of d?
9
Let f(v) = -v**3 + 6*v**2 - 16*v - 9. What is the hundreds digit of f(-6)?
5
Let h(n) = 7 - 2 + 6 + n - 10*n. Let p be h(5). What is the units digit of (-2)/5 - p/10?
3
Let q be 19/7 + 28/98. Suppose -5*a - i = i - 10, -4*a - q*i = -15. Suppose 2*v = -4*n - 2*v + 24, a = n - 2*v - 12. What is the units digit of n?
8
What is the tens digit of ((-480)/64)/((-3)/646)?
1
Let h = -11 - -13. Suppose -2*z - 238 = -4*a, 3*z + h*z = -3*a + 211. Suppose -46 = -2*t + a. What is the units digit of t?
4
Let c(p) = -2*p**3 - 10*p**2 - 12*p + 2. Let t be c(-3). Suppose -t*v - 1248 = -5*z, 4*z - 5*z + 3*v + 260 = 0. What is the tens digit of z?
4
Let l be 8/(-4)*(-2 + 8). Let z be (l/14)/(8/56). Let k = 18 + z. What is the tens digit of k?
1
Let z = 28 - 20. Suppose -4*u = -z*u + 224. What is the tens digit of u?
5
Let s = 22 - 19. Suppose 5*q = 10, -s*w = -q - 105 - 124. What is the units digit of w?
7
Let g(s) = s**3 + 10*s**2 - s. Let c(n) = 2*n - 18. Let x be c(8). Let r(d) = d**3 + 11*d**2 - d. Let q(w) = x*r(w) + 3*g(w). What is the tens digit of q(-7)?
5
Let s = -162 + 240. Let r = s - 45. What is the units digit of r?
3
Let r be (6/(-5))/(3/(-10)). Suppose -48 - 192 = -r*l. What is the units digit of l?
0
Let p be (-6)/4*56/(-42). Suppose -5*a = -4*y + 81, y = p*y + 3*a + 1. What is the units digit of y?
4
Suppose -15*s + 4*k = -19*s + 10148, 0 = -2*s + k + 5062. What is the tens digit of s?
3
Suppose -g + 582 = -m, -2*m + 564 = 2*g - 584. What is the units digit of g?
8
What is the thousands digit of -10 - (-3071 + 15 + -12)?
3
Let g be (-60)/(-14) + 4/(-14). Suppose -g*z + 39 = -z. Let a(m) = m**2 - 11*m - 1. What is the tens digit of a(z)?
2
Let h = -3227 - -5598. What is the hundreds digit of h?
3
Let l(o) be the first derivative of o**6/180 - o**5/24 - o**4/8 + 2*o**3/3 + 3. Let i(a) be the third derivative of l(a). What is the units digit of i(5)?
2
Let g(b) = 4*b**2 + 3*b + 4. Let h be g(-4). Suppose -w = -0*w - h. Let l = w + -34. What is the tens digit of l?
2
Let z(j) = -j**2 + 9*j - 4. Let c be z(9). Let r be (12/14)/(c/28). Let b = r - -14. What is the units digit of b?
8
Let l be (-3)/(-42)*8*7. Let n(s) = 5*s**2 + 3*s + 2. Let d be n(3). Suppose -3*v + 3*a + d = 8*a, -44 = -5*v + l*a. What is the units digit of v?
2
Let f(v) = 3*v**2 - 4*v - 6. Let y be f(7). Suppose -825 = -118*s + y*s. What is the tens digit of s?
6
Let h be ((-3)/(-12)*0)/2. Suppose